 4/(-4). Let f = m - 697. Is f a prime number?
True
Let w(z) = -306*z**3 - z**2 - z + 2. Let p be w(3). Let u = 18085 + p. Is u a composite number?
True
Let u(i) = 3*i**2 + 48*i - 15. Let b be u(-16). Is 343124/10 + (-9)/b composite?
False
Let a = 26 + -32. Let t be ((-28)/a)/(2/3). Let p(h) = 23*h**2 - 6*h - 24. Is p(t) prime?
True
Suppose 0 = -9*d - 408 + 1155. Let h = -131 - d. Let z = h + 953. Is z a composite number?
False
Let t(f) = -f - 8. Let i be t(-10). Suppose 2*s = i*k + 2100, -427 - 608 = -s - 2*k. Is s - (-3)/((-3)/(-4)) composite?
False
Let u(h) be the second derivative of h**3/3 + 6*h**2 - 11*h. Let g be u(-5). Suppose n + 2*w + 3*w = 369, -4*n + 1512 = g*w. Is n a composite number?
False
Let b(d) = -7*d**3 + 4*d + 52058. Is b(0) prime?
False
Suppose 0*s - 4*s = -16. Suppose x + s = 6. Suppose 4*p + 2*t = 3248, -3*p + x*t + 817 = -2*p. Is p a composite number?
True
Let g be (-3)/15 + (-130)/(-25). Suppose -3575 = -g*s + 5*v, 4*v + 537 + 885 = 2*s. Is s prime?
True
Suppose 31137271 + 11981199 = 109*t - 15024201. Is t a prime number?
False
Let x(r) = -11*r + 44. Let h be x(4). Suppose i + 0*i - 12 = -3*y, 6 = 2*i. Suppose y*t - 11*t + 9192 = h. Is t a prime number?
False
Let x(k) = 6139*k - 54. Let z be x(-14). Let a = z - -135409. Is a composite?
False
Suppose -4*u - 16 = -0*p + 3*p, -2*p - 4*u - 16 = 0. Let m(w) = -3*w - 118 + 10*w**3 + 372 - 11*w**3 + 5*w. Is m(p) prime?
False
Suppose -183265 = 65*l - 70*l. Is l a composite number?
False
Is (-14 - 284/20)/((-15)/338075) a composite number?
True
Let b be 10*(-6)/(-75)*10/2. Suppose 4 = -3*a - b*h, 3*h - 7 + 19 = 0. Suppose a*w + r = 4489 - 87, 5*r + 10 = 0. Is w composite?
True
Suppose 38*y - 129256 = 99808. Let f = 2233 + y. Is f prime?
False
Suppose 2*a + 0 = -2*p + 6, -a = 0. Suppose 23561 - 5252 = p*x. Is x composite?
True
Let q(y) = -2*y + 8. Let o be q(7). Let s(n) = 3*n**2 + 22*n - 150. Let j be s(5). Is (o/15 - j/(-25))*613 a composite number?
False
Let q(n) = 7818*n**3 + 93*n**2 + 10*n - 3. Is q(4) a composite number?
True
Let m(c) = 548*c**2 - 147*c + 13. Is m(-18) a prime number?
True
Suppose -4*t + 2*c = -5*t + 4, -5*c - 5 = t. Suppose 1111 = u - 2*s, -t*u + 7*u + s = -3333. Is u a composite number?
True
Suppose -3*c = -0*c - 5*i + 321, 3*i - 213 = 2*c. Is (c/18 - -5)/(4/(-3342)) composite?
False
Let f be 274/(3/42*4). Suppose 0 = 24*t - 11089 - f. Is t a prime number?
False
Let k(s) = s**3 + 8*s**2 - 4*s - 80. Let n be k(-6). Let r(g) = -g**3 + 41*g**2 + 16*g + 7. Is r(n) a composite number?
True
Let c(z) = -z + 23. Let x be c(8). Let p(y) = 4*y**2 - 11*y - 68. Is p(x) a composite number?
True
Suppose -2*p + 30 = 4*p. Suppose 1584 = 4*x - p*r, -4*x + 2*r + 393 = -3*x. Is x composite?
False
Let n = 40766 - 24375. Let o = n - 9177. Is o a prime number?
False
Suppose -4*a + 6 = 4*j + 26, j - 15 = 4*a. Let o be 244/5*(-10)/a. Suppose 0 = 2*v - 3*s - o, s = 5*v + 3*s - 343. Is v a composite number?
False
Let m(h) = -h**3 + 7*h**2 + 5*h + 19. Suppose -10*s - 3 = -63. Is m(s) a composite number?
True
Let h = -39 + 41. Suppose 6*m = -2*j + m - 1463, -4*j - 2902 = h*m. Let a = j + 1053. Is a a composite number?
True
Let x = 1676 + -741. Let h = x - -1127. Is h a composite number?
True
Suppose -22*q + 3927099 = -q + 12*q. Is q a prime number?
False
Let z(h) = 1845*h**2 - 43*h + 29. Is z(5) prime?
False
Let d be -23 + 25 - -7*1. Let i(u) = 233*u + 56. Is i(d) a composite number?
False
Let x = 5565 + -3722. Let u be x/7 + 4/(-14). Is u*2/(-2)*-1 a prime number?
True
Suppose 55 = -5*g + o - 6*o, -2*g = -2*o + 22. Let f(z) = z**2 + 11*z + 4. Let m be f(g). Suppose d + 2 = 0, 58 + 170 = m*p + 2*d. Is p composite?
True
Let x be 4/6 - 3822/9. Let c(j) = 105*j**2 - 45*j - 177. Let q be c(-4). Let t = x + q. Is t composite?
False
Let s = 549 - 1258. Let o = s + 1988. Is o prime?
True
Suppose 4*t + 66905 = 3*c + 457597, 390692 = 4*t - 4*c. Is t a prime number?
True
Let s(b) be the first derivative of -b**4/4 + 13*b**3 - 11*b**2 + 31*b - 74. Is s(26) a composite number?
True
Let w be (3/(-4))/(189/(-1260)). Suppose -21394 = -4*z - 2*p, 3*z + w*p + 0*p = 16056. Is z composite?
False
Let i(l) = l**3 + 6*l**2 + 2*l + 14. Let o be i(-6). Suppose -f = o*f + 12. Is ((-1)/f)/(2/3544) a composite number?
False
Suppose 12*x - 1453 = 11*x. Let t = x - 774. Is t a prime number?
False
Let s(z) = -2344*z + 3. Let n be s(-8). Suppose 7*x - n = 20298. Is x a prime number?
False
Suppose -3*o + 26096 = 25*o. Suppose 0 = -2*x + 4326 + o. Is x composite?
True
Let w(x) = -163*x - 6. Let o(l) = 162*l + 7. Let s = 67 - 73. Let r(g) = s*o(g) - 5*w(g). Is r(-7) a prime number?
True
Suppose -5*k - 20 = -0*c - 2*c, 3*c - 72 = -3*k. Suppose 5*g + 3*m = c, 2*g - 4*m + m = 8. Suppose g*j - 3845 = -5*o, -o + 7*j + 769 = 4*j. Is o prime?
True
Let n be (56/35)/(3/(30/4)). Suppose -n*o = -i + 1174 + 1885, -3*i + 9207 = -2*o. Suppose -5*p + 3*h + i = 0, -2*p - h + 897 = -327. Is p prime?
True
Let m = 244 - 196. Is (1 + 8762)*(-1 - m/(-36)) composite?
True
Let v = 176 + -171. Suppose -7 - 3 = 5*p, -v*j + 2385 = 5*p. Is j prime?
True
Let n(l) = l**2 - 5*l - 9. Let w be n(-2). Let k(h) be the second derivative of 67*h**4/6 + h**3/6 + 8*h**2 + 3*h. Is k(w) composite?
False
Is -2 + 14833 - 12*11/(-22) prime?
False
Let n = -147864 - -228695. Suppose 3*q = -4*c + 60607, -5*q - c + n = -q. Is q a prime number?
False
Let h(v) be the third derivative of 67*v**5/60 - v**4/12 + 17*v**3/6 - 55*v**2 - 2*v. Is h(4) a prime number?
False
Suppose -42 = -3*b - 12. Suppose 4*d - 229*y + 228*y = 9, -3*d = -3*y. Suppose -d*w = -227 - b. Is w composite?
False
Is ((-7839246)/(-8))/((-69)/184*-2) a composite number?
False
Let p(f) = -f**2 + f + 35. Let n be p(0). Let w = n + -38. Is (1/w)/((-1)/4683) a composite number?
True
Suppose 6*h = 11*h + 3*g - 756347, 0 = -5*h - 2*g + 756348. Is (-1 + -1)/(h/(-37815) + 4) composite?
True
Suppose -2*x + 42*r = 39*r - 4819201, -2409524 = -x - 7*r. Is x a composite number?
True
Let r(v) = 7*v**2 + 105*v**3 + 5*v + 0*v**2 - 4*v**2. Let d be r(-2). Let x = d + 3245. Is x composite?
True
Let v be -1 - -1 - 0 - 6. Is 57/v*(-81 - 5) prime?
False
Let z be 1273/(-76) + (-1)/4. Let g = z + 22. Suppose g*p - 12*p = -1295. Is p a composite number?
True
Suppose 0 = 5*b - 4*b + 10. Let f be (-71894)/b - ((-39)/15 + 2). Suppose 58*t = 53*t + f. Is t prime?
False
Let k = -126 - -84. Suppose -4*z = 6 + 14. Let c = z - k. Is c a composite number?
False
Let a(u) = 8*u**2 - 2 - 3 + 2 - 186*u**3 - 3 - 6 - 13*u. Is a(-5) a composite number?
True
Suppose -2*q = 3*r - 744, 0 = 9*q - 5*q - 5*r - 1510. Suppose 0 = -3*o + c + 2466, -2*o + c + q + 1270 = 0. Is o a prime number?
True
Is (4 - (-1)/((-10)/38))*13165 a composite number?
False
Let g(k) = -3*k**2 - 22*k + 49. Let i be g(-9). Suppose 0 = -5*t + 3*j + 67588, i*t - 49496 = -5*j + 4567. Is t composite?
True
Suppose 13*h = -20060 + 103637. Let u = h + -4122. Is u a composite number?
True
Let a = -12568 - -113631. Is a a composite number?
False
Suppose g = 2*h + 6, -106*g + 102*g + 12 = 4*h. Let o(v) = v - 1. Let n(f) = 32*f**2 - 4*f + 9. Let j(x) = n(x) - 2*o(x). Is j(g) prime?
True
Let w(a) = -a**2 - 9*a - 14. Let s be w(-7). Suppose -5*m + s*m + 10 = 5*z, 0 = -4*m + 5*z - 28. Is (-1727)/m + 42/28 a prime number?
False
Suppose 4*f + f + 5*x - 20 = 0, 0 = -3*f + 2*x + 2. Suppose -10 = -f*g, g + 3*g - 18 = 2*t. Is -958*2*t/(-4) prime?
True
Let w be ((-12)/18)/(4/31386). Let v = w + 2664. Let l = 7102 + v. Is l a composite number?
True
Is 122/915 + (-40130152)/(-60) + 1 a prime number?
False
Suppose 4*d - 2 - 244 = -2*a, 0 = 3*a + 2*d - 365. Let n be 13/(((-3)/10)/((-87)/(-29))). Let l = a - n. Is l a composite number?
False
Suppose 5*w - 105114 = 3*n + 15057, 0 = -3*n - 6. Suppose 14*p - w = -3047. Is p a composite number?
False
Suppose 2 = 4*q - 3*s - 7, -3*q + s = -3. Suppose -3*a - 5*p + 3248 + 1976 = q, a = -3*p + 1748. Is a prime?
True
Suppose -5*k + 2*k = 6. Let l be k/8 + 488/32. Is ((-745)/l - 0)/((-2)/6) a composite number?
False
Suppose 2*o = 5*j + 84, 0 = -4*o - 4*j - 38 + 150. Suppose -43*q + o*q = -2794. Is q prime?
False
Let m be (-2 - -1619)/(-7)*(0 - 3). Let n = m - 548. Is n a prime number?
False
Suppose -4*k - 8 = v, 2*k + k + 25 = 4*v. Suppose 5*u - 2